{"id":1986,"date":"2022-04-24T13:24:17","date_gmt":"2022-04-24T13:24:17","guid":{"rendered":"https:\/\/www.usspainexecutives.org\/?page_id=1986"},"modified":"2022-05-11T23:59:13","modified_gmt":"2022-05-11T23:59:13","slug":"webinar-emprendimiento-en-eeuu","status":"publish","type":"page","link":"https:\/\/usspainexecutives.org\/en\/webinar-emprendimiento-en-eeuu\/","title":{"rendered":"(Espa\u00f1ol) Webinar: Emprendimiento en EEUU"},"content":{"rendered":"\t\t<div data-elementor-type=\"wp-page\" data-elementor-id=\"1986\" class=\"elementor elementor-1986\">\n\t\t\t\t\t\t<section class=\"elementor-section elementor-top-section elementor-element elementor-element-a428164 elementor-section-boxed elementor-section-height-default elementor-section-height-default\" data-id=\"a428164\" data-element_type=\"section\" data-e-type=\"section\">\n\t\t\t\t\t\t<div class=\"elementor-container elementor-column-gap-default\">\n\t\t\t\t\t<div class=\"elementor-column elementor-col-100 elementor-top-column elementor-element elementor-element-56a69c9\" data-id=\"56a69c9\" data-element_type=\"column\" data-e-type=\"column\">\n\t\t\t<div class=\"elementor-widget-wrap elementor-element-populated\">\n\t\t\t\t\t\t<div class=\"elementor-element elementor-element-fa2deaf elementor-widget elementor-widget-image\" data-id=\"fa2deaf\" data-element_type=\"widget\" data-e-type=\"widget\" data-widget_type=\"image.default\">\n\t\t\t\t<div class=\"elementor-widget-container\">\n\t\t\t\t\t\t\t\t\t\t\t\t\t\t\t<img fetchpriority=\"high\" decoding=\"async\" width=\"1024\" height=\"766\" src=\"https:\/\/usspainexecutives.org\/wp-content\/uploads\/2022\/04\/USEC-Webinar-emprendimiento-1024x766.png\" class=\"attachment-large size-large wp-image-1987\" alt=\"\" srcset=\"https:\/\/usspainexecutives.org\/wp-content\/uploads\/2022\/04\/USEC-Webinar-emprendimiento-1024x766.png 1024w, https:\/\/usspainexecutives.org\/wp-content\/uploads\/2022\/04\/USEC-Webinar-emprendimiento-300x224.png 300w, https:\/\/usspainexecutives.org\/wp-content\/uploads\/2022\/04\/USEC-Webinar-emprendimiento-768x574.png 768w, https:\/\/usspainexecutives.org\/wp-content\/uploads\/2022\/04\/USEC-Webinar-emprendimiento.png 1274w\" sizes=\"(max-width: 1024px) 100vw, 1024px\" \/>\t\t\t\t\t\t\t\t\t\t\t\t\t\t\t<\/div>\n\t\t\t\t<\/div>\n\t\t\t\t\t<\/div>\n\t\t<\/div>\n\t\t\t\t\t<\/div>\n\t\t<\/section>\n\t\t\t\t<section class=\"elementor-section elementor-top-section elementor-element elementor-element-b4f2542 elementor-section-boxed elementor-section-height-default elementor-section-height-default\" data-id=\"b4f2542\" data-element_type=\"section\" data-e-type=\"section\">\n\t\t\t\t\t\t<div class=\"elementor-container elementor-column-gap-default\">\n\t\t\t\t\t<div class=\"elementor-column elementor-col-100 elementor-top-column elementor-element elementor-element-2c2234b\" data-id=\"2c2234b\" data-element_type=\"column\" data-e-type=\"column\">\n\t\t\t<div class=\"elementor-widget-wrap elementor-element-populated\">\n\t\t\t\t\t\t<div class=\"elementor-element elementor-element-dff2dc1 elementor-widget elementor-widget-video\" data-id=\"dff2dc1\" data-element_type=\"widget\" data-e-type=\"widget\" data-settings=\"{&quot;youtube_url&quot;:&quot;https:\\\/\\\/youtu.be\\\/oB0QU4-U2uE&quot;,&quot;video_type&quot;:&quot;youtube&quot;,&quot;controls&quot;:&quot;yes&quot;}\" data-widget_type=\"video.default\">\n\t\t\t\t<div class=\"elementor-widget-container\">\n\t\t\t\t\t\t\t<div class=\"elementor-wrapper elementor-open-inline\">\n\t\t\t<div class=\"elementor-video\"><\/div>\t\t<\/div>\n\t\t\t\t\t\t<\/div>\n\t\t\t\t<\/div>\n\t\t\t\t\t<\/div>\n\t\t<\/div>\n\t\t\t\t\t<\/div>\n\t\t<\/section>\n\t\t\t\t<section class=\"elementor-section elementor-top-section elementor-element elementor-element-3adbd615 elementor-section-boxed elementor-section-height-default elementor-section-height-default\" data-id=\"3adbd615\" data-element_type=\"section\" data-e-type=\"section\">\n\t\t\t\t\t\t<div class=\"elementor-container elementor-column-gap-default\">\n\t\t\t\t\t<div class=\"elementor-column elementor-col-100 elementor-top-column elementor-element elementor-element-264add6\" data-id=\"264add6\" data-element_type=\"column\" data-e-type=\"column\">\n\t\t\t<div class=\"elementor-widget-wrap elementor-element-populated\">\n\t\t\t\t\t\t<div class=\"elementor-element elementor-element-292e4177 elementor-widget elementor-widget-text-editor\" data-id=\"292e4177\" data-element_type=\"widget\" data-e-type=\"widget\" data-widget_type=\"text-editor.default\">\n\t\t\t\t<div class=\"elementor-widget-container\">\n\t\t\t\t\t\t\t\t\t<p>En este webinario conocimos de la mano de tres expertos en emprendimiento los retos y oportunidades que ofrece EEUU a los emprendedores, las diferencias con respecto al entorno espa\u00f1ol y las lecciones que han aprendido trabajando con start-ups en tres de los ecosistemas de innovaci\u00f3n m\u00e1s importantes del pa\u00eds: Boston, Nueva York y San Francisco. La sesi\u00f3n incluy\u00f3 al final un turno de preguntas y respuestas.<\/p><p>Se muestran las bios de los participantes a continuaci\u00f3n.<\/p><h3>Mamen Sala<\/h3><p>Me llamo Mamen Sala, a lo que yo siempre a\u00f1ado \u00a8<em>in corpore sano<\/em>\u00a8 para recalcar la importancia del deporte en mi vida, fuente inagotable de inspiraci\u00f3n que me ha ayudado a lograr todos mis prop\u00f3sitos hasta ahora.<\/p><p>Soy periodista, por eso me gusta mirar a uno y otro lado antes de sentarme a escribir. Soy crimin\u00f3loga, y agradezco los peque\u00f1os detalles que marcan la diferencia. En California aprend\u00ed Marketing Digital y eso me ha ense\u00f1ado a ver el mundo con ojos m\u00e1s creativos y atrevidos. Y gracias a todo ello hace 6 a\u00f1os naci\u00f3 la Mamen empresaria, co-fundadora de Chef Training U.S.<\/p><p>Chef Training U.S. es el primer programa de pr\u00e1cticas remuneradas en EE.UU. especializado en el sector de la Hosteler\u00eda. En los \u00faltimos 6 a\u00f1os hemos ayudado a m\u00e1s de 540 j\u00f3venes internacionales a cumplir su sue\u00f1o americano, ofreci\u00e9ndoles una oportunidad profesional en los restaurantes y hoteles m\u00e1s punteros del pa\u00eds.<\/p><p>Como New Yorkina adoptada, reparto mi vida profesional entre Chef Training U.S. y la corresponsal\u00eda de Mediaset y France 24 en espa\u00f1ol en EE.UU. Mi cabeza siempre anda perge\u00f1ando nuevos retos, queda mucho por hacer.<\/p><h3>Natalia Olson-Urtecho<\/h3><p>Emprendedora en serie con m\u00e1s de 20 a\u00f1os de experiencia trabajando con entidades internacionales, regionales y locales en los EE. UU., Am\u00e9rica Latina, Europa y Asia. Tiene experiencia profesional en operaciones, capital riesgo, transformaci\u00f3n digital, blockchain, ciudades inteligentes, finanzas, contrataci\u00f3n gubernamental, diplomacia internacional, comercializaci\u00f3n de tecnolog\u00edas, planificaci\u00f3n ambiental, construcci\u00f3n sostenible, uso del suelo, movilidad, participaci\u00f3n p\u00fablica y desarrollo de infraestructura.<\/p><p>Fue administradora regional de la Administraci\u00f3n de Peque\u00f1as Empresas (SBA) de los EE. UU. como designada presidencial de Obama de 2011 a 2017. Fue nombrada miembro de la Junta Asesora de Innovaci\u00f3n de EE. UU. para asesorar al Congreso y la Casa Blanca sobre competitividad e innovaci\u00f3n.<\/p><p>Reconocida como &#8220;Latina Powerhouse&#8221; en Maryland y una de los latinas m\u00e1s influyentes de Delaware Valley (NJ, PA, DE), fue ganadora del premio Minority Business Leader del Business Journal y ha recibido el premio Women of Distinction por su trabajo en el crecimiento de la econom\u00eda verde y la infraestructura sostenible.<\/p><p>En la actualidad es Embajadora Global del Sillicon Valley Forum para Espa\u00f1a y Portugal y asesora a m\u00faltiples start-ups en EE. UU. y Europa. Divide su tiempo entre San Francisco y Barcelona.<\/p><h3>Ricardo Garc\u00eda<\/h3><p>Ricardo es un emprendedor en serie nacido y educado en Barcelona que consigui\u00f3 vender su primera startup a los 22 a\u00f1os. Este hito marc\u00f3 claramente\u00a0su trayectoria professional y desde entonces, ha lanzado diferentes compa\u00f1\u00edas principalmente en el sector tecnol\u00f3gico y con un fuerte componente de innovaci\u00f3n.<\/p><p>En 2011, su hijo Richi fue diagnosticado a los 6 a\u00f1os de uno de los c\u00e1nceres cerebrales infantiles m\u00e1s agresivos. El mal pron\u00f3stico de la enfermedad le oblig\u00f3 a enfrentarse al reto m\u00e1s complicado, abandonando\u00a0todos sus proyectos para poder dedicarse por completo a intentar salvar la vida de su hijo.<\/p><p>Afortunadamente, Richi es un superviviente de 16 a\u00f1os y la inspiraci\u00f3n que llev\u00f3 a Ricardo a fundar la Richi Childhood Cancer Foundation, una fundaci\u00f3n de apoyo a la comunidad del c\u00e1ncer infantil y Oncoheroes Biosciences, la \u00fanica compa\u00f1\u00eda biotecnol\u00f3gica del mundo dedicada \u00fanica y exclusivamente al desarrollo de nuevos medicamentos en oncolog\u00eda pedi\u00e1trica.<\/p><h3>Evento moderado por Bego\u00f1a Sevilla<\/h3><p>Periodista internacional espa\u00f1ola con m\u00e1s de 15 a\u00f1os de experiencia galardonada con 7 premios Emmy de la Academia de Televisi\u00f3n, EE.UU.\u00a0Ha sido presentadora y reportera de investigaci\u00f3n para Univisi\u00f3n en Las Vegas, Nevada. Ha recibido el Emmy a la Mejor Presentadora de Noticias y la Mejor Reportera, entre otros.\u00a0Ha sido productora ejecutiva y corresponsal internacional para\u00a0 La Voz de Am\u00e9rica en la capital del pa\u00eds, Washington, DC. donde recibi\u00f3 3 Emmy Awards por su excelente labor.<\/p><p>En Espa\u00f1a es una reconocida periodista con amplia experiencia en los canales de televisi\u00f3n nacionales TVE, T5 y A3 Noticias, radio y otros medios. Como experta en comunicaci\u00f3n y social media, ha sido manager y estratega en Comunicaci\u00f3n para la multinacional Iberdrola-AVANGRID en su cuartel general en Connecticut.<\/p><h1 style=\"text-align: center;\"><span style=\"color: var( --e-global-color-text ); font-family: var( --e-global-typography-text-font-family ), Sans-serif; font-weight: var( --e-global-typography-text-font-weight );\"><\/p>\t\t\t\t\t\t\t\t<\/div>\n\t\t\t\t<\/div>\n\t\t\t\t\t<\/div>\n\t\t<\/div>\n\t\t\t\t\t<\/div>\n\t\t<\/section>\n\t\t\t\t<\/div>\n\t\t","protected":false},"excerpt":{"rendered":"<p>https:\/\/youtu.be\/oB0QU4-U2uE \u00a0<\/p>\n","protected":false},"author":1,"featured_media":0,"parent":0,"menu_order":0,"comment_status":"closed","ping_status":"closed","template":"","meta":{"_genesis_hide_title":false,"_genesis_hide_breadcrumbs":false,"_genesis_hide_singular_image":false,"_genesis_hide_footer_widgets":false,"_genesis_custom_body_class":"","_genesis_custom_post_class":"","_genesis_layout":"","footnotes":""},"class_list":["post-1986","page","type-page","status-publish","entry"],"_links":{"self":[{"href":"https:\/\/usspainexecutives.org\/en\/wp-json\/wp\/v2\/pages\/1986","targetHints":{"allow":["GET"]}}],"collection":[{"href":"https:\/\/usspainexecutives.org\/en\/wp-json\/wp\/v2\/pages"}],"about":[{"href":"https:\/\/usspainexecutives.org\/en\/wp-json\/wp\/v2\/types\/page"}],"author":[{"embeddable":true,"href":"https:\/\/usspainexecutives.org\/en\/wp-json\/wp\/v2\/users\/1"}],"replies":[{"embeddable":true,"href":"https:\/\/usspainexecutives.org\/en\/wp-json\/wp\/v2\/comments?post=1986"}],"version-history":[{"count":10,"href":"https:\/\/usspainexecutives.org\/en\/wp-json\/wp\/v2\/pages\/1986\/revisions"}],"predecessor-version":[{"id":2007,"href":"https:\/\/usspainexecutives.org\/en\/wp-json\/wp\/v2\/pages\/1986\/revisions\/2007"}],"wp:attachment":[{"href":"https:\/\/usspainexecutives.org\/en\/wp-json\/wp\/v2\/media?parent=1986"}],"curies":[{"name":"wp","href":"https:\/\/api.w.org\/{rel}","templated":true}]}}

(Español) Webinar: Emprendimiento en EEUU

<div data-elementor-type="wp-page" data-elementor-id="1986" class="elementor elementor-1986">
						<section class="elementor-section elementor-top-section elementor-element elementor-element-a428164 elementor-section-boxed elementor-section-height-default elementor-section-height-default" data-id="a428164" data-element_type="section" data-e-type="section">
						<div class="elementor-container elementor-column-gap-default">
					<div class="elementor-column elementor-col-100 elementor-top-column elementor-element elementor-element-56a69c9" data-id="56a69c9" data-element_type="column" data-e-type="column">
			<div class="elementor-widget-wrap elementor-element-populated">
						<div class="elementor-element elementor-element-fa2deaf elementor-widget elementor-widget-image" data-id="fa2deaf" data-element_type="widget" data-e-type="widget" data-widget_type="image.default">
				<div class="elementor-widget-container">
															<img fetchpriority="high" decoding="async" width="1024" height="766" src="https://usspainexecutives.org/wp-content/uploads/2022/04/USEC-Webinar-emprendimiento-1024x766.png" class="attachment-large size-large wp-image-1987" alt="" srcset="https://usspainexecutives.org/wp-content/uploads/2022/04/USEC-Webinar-emprendimiento-1024x766.png 1024w, https://usspainexecutives.org/wp-content/uploads/2022/04/USEC-Webinar-emprendimiento-300x224.png 300w, https://usspainexecutives.org/wp-content/uploads/2022/04/USEC-Webinar-emprendimiento-768x574.png 768w, https://usspainexecutives.org/wp-content/uploads/2022/04/USEC-Webinar-emprendimiento.png 1274w" sizes="(max-width: 1024px) 100vw, 1024px" />															</div>
				</div>
					</div>
		</div>
					</div>
		</section>
				<section class="elementor-section elementor-top-section elementor-element elementor-element-b4f2542 elementor-section-boxed elementor-section-height-default elementor-section-height-default" data-id="b4f2542" data-element_type="section" data-e-type="section">
						<div class="elementor-container elementor-column-gap-default">
					<div class="elementor-column elementor-col-100 elementor-top-column elementor-element elementor-element-2c2234b" data-id="2c2234b" data-element_type="column" data-e-type="column">
			<div class="elementor-widget-wrap elementor-element-populated">
						<div class="elementor-element elementor-element-dff2dc1 elementor-widget elementor-widget-video" data-id="dff2dc1" data-element_type="widget" data-e-type="widget" data-settings="{&quot;youtube_url&quot;:&quot;https:\/\/youtu.be\/oB0QU4-U2uE&quot;,&quot;video_type&quot;:&quot;youtube&quot;,&quot;controls&quot;:&quot;yes&quot;}" data-widget_type="video.default">
				<div class="elementor-widget-container">
							<div class="elementor-wrapper elementor-open-inline">
			<div class="elementor-video"></div>		</div>
						</div>
				</div>
					</div>
		</div>
					</div>
		</section>
				<section class="elementor-section elementor-top-section elementor-element elementor-element-3adbd615 elementor-section-boxed elementor-section-height-default elementor-section-height-default" data-id="3adbd615" data-element_type="section" data-e-type="section">
						<div class="elementor-container elementor-column-gap-default">
					<div class="elementor-column elementor-col-100 elementor-top-column elementor-element elementor-element-264add6" data-id="264add6" data-element_type="column" data-e-type="column">
			<div class="elementor-widget-wrap elementor-element-populated">
						<div class="elementor-element elementor-element-292e4177 elementor-widget elementor-widget-text-editor" data-id="292e4177" data-element_type="widget" data-e-type="widget" data-widget_type="text-editor.default">
				<div class="elementor-widget-container">
									<p>En este webinario conocimos de la mano de tres expertos en emprendimiento los retos y oportunidades que ofrece EEUU a los emprendedores, las diferencias con respecto al entorno español y las lecciones que han aprendido trabajando con start-ups en tres de los ecosistemas de innovación más importantes del país: Boston, Nueva York y San Francisco. La sesión incluyó al final un turno de preguntas y respuestas.</p><p>Se muestran las bios de los participantes a continuación.</p><h3>Mamen Sala</h3><p>Me llamo Mamen Sala, a lo que yo siempre añado ¨<em>in corpore sano</em>¨ para recalcar la importancia del deporte en mi vida, fuente inagotable de inspiración que me ha ayudado a lograr todos mis propósitos hasta ahora.</p><p>Soy periodista, por eso me gusta mirar a uno y otro lado antes de sentarme a escribir. Soy criminóloga, y agradezco los pequeños detalles que marcan la diferencia. En California aprendí Marketing Digital y eso me ha enseñado a ver el mundo con ojos más creativos y atrevidos. Y gracias a todo ello hace 6 años nació la Mamen empresaria, co-fundadora de Chef Training U.S.</p><p>Chef Training U.S. es el primer programa de prácticas remuneradas en EE.UU. especializado en el sector de la Hostelería. En los últimos 6 años hemos ayudado a más de 540 jóvenes internacionales a cumplir su sueño americano, ofreciéndoles una oportunidad profesional en los restaurantes y hoteles más punteros del país.</p><p>Como New Yorkina adoptada, reparto mi vida profesional entre Chef Training U.S. y la corresponsalía de Mediaset y France 24 en español en EE.UU. Mi cabeza siempre anda pergeñando nuevos retos, queda mucho por hacer.</p><h3>Natalia Olson-Urtecho</h3><p>Emprendedora en serie con más de 20 años de experiencia trabajando con entidades internacionales, regionales y locales en los EE. UU., América Latina, Europa y Asia. Tiene experiencia profesional en operaciones, capital riesgo, transformación digital, blockchain, ciudades inteligentes, finanzas, contratación gubernamental, diplomacia internacional, comercialización de tecnologías, planificación ambiental, construcción sostenible, uso del suelo, movilidad, participación pública y desarrollo de infraestructura.</p><p>Fue administradora regional de la Administración de Pequeñas Empresas (SBA) de los EE. UU. como designada presidencial de Obama de 2011 a 2017. Fue nombrada miembro de la Junta Asesora de Innovación de EE. UU. para asesorar al Congreso y la Casa Blanca sobre competitividad e innovación.</p><p>Reconocida como &#8220;Latina Powerhouse&#8221; en Maryland y una de los latinas más influyentes de Delaware Valley (NJ, PA, DE), fue ganadora del premio Minority Business Leader del Business Journal y ha recibido el premio Women of Distinction por su trabajo en el crecimiento de la economía verde y la infraestructura sostenible.</p><p>En la actualidad es Embajadora Global del Sillicon Valley Forum para España y Portugal y asesora a múltiples start-ups en EE. UU. y Europa. Divide su tiempo entre San Francisco y Barcelona.</p><h3>Ricardo García</h3><p>Ricardo es un emprendedor en serie nacido y educado en Barcelona que consiguió vender su primera startup a los 22 años. Este hito marcó claramente su trayectoria professional y desde entonces, ha lanzado diferentes compañías principalmente en el sector tecnológico y con un fuerte componente de innovación.</p><p>En 2011, su hijo Richi fue diagnosticado a los 6 años de uno de los cánceres cerebrales infantiles más agresivos. El mal pronóstico de la enfermedad le obligó a enfrentarse al reto más complicado, abandonando todos sus proyectos para poder dedicarse por completo a intentar salvar la vida de su hijo.</p><p>Afortunadamente, Richi es un superviviente de 16 años y la inspiración que llevó a Ricardo a fundar la Richi Childhood Cancer Foundation, una fundación de apoyo a la comunidad del cáncer infantil y Oncoheroes Biosciences, la única compañía biotecnológica del mundo dedicada única y exclusivamente al desarrollo de nuevos medicamentos en oncología pediátrica.</p><h3>Evento moderado por Begoña Sevilla</h3><p>Periodista internacional española con más de 15 años de experiencia galardonada con 7 premios Emmy de la Academia de Televisión, EE.UU. Ha sido presentadora y reportera de investigación para Univisión en Las Vegas, Nevada. Ha recibido el Emmy a la Mejor Presentadora de Noticias y la Mejor Reportera, entre otros. Ha sido productora ejecutiva y corresponsal internacional para  La Voz de América en la capital del país, Washington, DC. donde recibió 3 Emmy Awards por su excelente labor.</p><p>En España es una reconocida periodista con amplia experiencia en los canales de televisión nacionales TVE, T5 y A3 Noticias, radio y otros medios. Como experta en comunicación y social media, ha sido manager y estratega en Comunicación para la multinacional Iberdrola-AVANGRID en su cuartel general en Connecticut.</p><h1 style="text-align: center;"><span style="color: var( --e-global-color-text ); font-family: var( --e-global-typography-text-font-family ), Sans-serif; font-weight: var( --e-global-typography-text-font-weight );"></p>								</div>
				</div>
					</div>
		</div>
					</div>
		</section>
				</div>
